{"id":1889,"date":"2013-05-13T12:21:48","date_gmt":"2013-05-13T17:21:48","guid":{"rendered":"http:\/\/navajopeople.org\/blog\/?page_id=1889"},"modified":"2014-04-22T12:28:20","modified_gmt":"2014-04-22T17:28:20","slug":"site-map","status":"publish","type":"page","link":"http:\/\/navajopeople.org\/blog\/site-map\/","title":{"rendered":"Site Map"},"content":{"rendered":"<h1 dir=\"ltr\" style=\"text-align: center;\"><strong>Navajo People Website Links<\/strong><\/h1>\n<p>&nbsp;<\/p>\n<p dir=\"ltr\"><strong>\u00a0<\/strong><a href=\"http:\/\/navajopeople.org\/navajo-culture.htm\">Navajo Culture<\/a>\u00a0\u2013\u00a0<a href=\"http:\/\/navajopeople.org\/navajo-history.htm\">Navajo History<\/a>\u00a0\u2013\u00a0<a href=\"http:\/\/navajopeople.org\/navajo-art.htm\">Navajo Art<\/a>\u00a0\u2013\u00a0<a href=\"http:\/\/navajopeople.org\/navajo-clothing.htm\">Navajo Clothing\u00a0<\/a><a href=\"http:\/\/navajopeople.org\/navajo-pictures.htm\">Navajo Pictures<\/a>\u00a0\u2013\u00a0<a href=\"http:\/\/navajopeople.org\/navajo-rugs.htm\">Navajo Rugs<\/a>\u00a0\u2013\u00a0<a href=\"http:\/\/navajopeople.org\/navajo-language.htm\">Navajo Language<\/a>\u2013\u00a0<a href=\"http:\/\/navajopeople.org\/navajo-jewelry.htm\">Navajo Jewelry<\/a>\u00a0\u2013\u00a0<a href=\"http:\/\/navajopeople.org\/navajo-code-talker.htm\">Navajo Code Talker<\/a>\u00a0\u2013\u00a0<a href=\"http:\/\/navajopeople.org\/navajo-pottery.htm\">Navajo Pottery<\/a>\u00a0\u2013\u00a0<a href=\"http:\/\/navajopeople.org\/navajo-legends.htm\">Navajo Legends<\/a>\u00a0\u2013\u00a0<a href=\"http:\/\/navajopeople.org\/navajo-hogans.htm\">Hogan\u2019s<\/a>\u00a0\u2013\u00a0<a href=\"http:\/\/navajopeople.org\/navajo-sand-painting.htm\">Sand Painting<\/a>\u00a0\u2013\u00a0<a href=\"http:\/\/navajopeople.org\/navajo-food.htm\">Navajo Food\u00a0<\/a>\u2013\u00a0<a href=\"http:\/\/navajopeople.org\/navajo-news.htm\">Navajo News<\/a>\u00a0\u2013\u00a0<a href=\"http:\/\/navajopeople.org\/navajo-nation.htm\">Navajo Nation<\/a><\/p>\n<p dir=\"ltr\"><strong>History of the Navajo<\/strong><\/p>\n<p><a href=\"http:\/\/navajopeople.org\/blog\/ancient-navajo-and-native-americas-migrations\/\">Ancient Navajo and Native Americans Migrations<\/a><br \/>\n<a href=\"http:\/\/navajopeople.org\/blog\/first-contact-with-the-navajo-1540\/\">First Contact with the Navajo \u2013 1540<br \/>\n<\/a><a style=\"color: #c62765;\" href=\"http:\/\/navajopeople.org\/blog\/the-americans-and-the-navajo\/\">The Americans and the Navajo<br \/>\n<\/a><a style=\"color: #c62765;\" href=\"http:\/\/navajopeople.org\/blog\/the-mexicans-and-the-navajo\/\">The Mexicans and the Navajo<br \/>\n<\/a><a style=\"color: #c62765;\" href=\"http:\/\/navajopeople.org\/blog\/the-spanish-and-the-navajo\/\">The Spanish and the Navajo<br \/>\n<\/a><a href=\"http:\/\/navajopeople.org\/blog\/navajo-long-walk-to-bosque-redondo\/\">Navajo Long Walk to Bosque Redondo<br \/>\n<\/a><a style=\"color: #c62765;\" href=\"http:\/\/navajopeople.org\/blog\/antonio-el-pinto-chief-of-the-navajos\/\">Antonio el Pinto Chief of the Navajos<\/a><\/p>\n<p dir=\"ltr\"><strong>Navajo creation story<\/strong><\/p>\n<ul>\n<li><a href=\"http:\/\/navajopeople.org\/blog\/navajo-creation-story-nihalgai-the-glittering-or-white-world\/\">Navajo creation story \u2013 Nihalgai \u2013 The Glittering or White World\u00a0<\/a><\/li>\n<li><a href=\"http:\/\/navajopeople.org\/blog\/navajo-creation-story-the-third-yellow-world\/\">Navajo creation story \u2013 Nihaltsoh -The third World (Yellow World)\u00a0<\/a><\/li>\n<li><a href=\"http:\/\/navajopeople.org\/blog\/navajo-creation-story-nihodootlizh-second-world-blue-world\/\">Navajo creation story \u2013 Nihodootlizh \u2013 Second World (Blue World)\u00a0<\/a><\/li>\n<li><a href=\"http:\/\/navajopeople.org\/blog\/navajo-creation-story-the-first-world-nihodilhil-black-world\/\">Navajo creation story \u2013 The First World \u201cNihodilhil\u201d (Black World)\u00a0<\/a><\/li>\n<li><a href=\"http:\/\/navajopeople.org\/blog\/nayenezgani-navaho-slayer-of-alien-gods\/\">Nagaynezgani, or \u201d Slayer of the Alien Gods<\/a><\/li>\n<li><a href=\"http:\/\/navajopeople.org\/blog\/navajo-mythology-twins-monster-slayer\/\">Navajo Mythology Twins \u2013 Monster Slayer<\/a><\/li>\n<li><a href=\"http:\/\/navajopeople.org\/blog\/navajo-mythology-twins-born-from-water\/\">Navajo Mythology Twins \u2013 Born From Water<\/a><\/li>\n<li><a href=\"http:\/\/navajopeople.org\/blog\/navajo-creation-story-the-talking-god\/\">Navajo creation story \u2013 the Talking God<\/a><\/li>\n<li><a href=\"http:\/\/navajopeople.org\/blog\/navajo-creation-story-2-house-god\/\">Navajo Creation Story 2 \u2013 House God<\/a><\/li>\n<li><a href=\"http:\/\/navajopeople.org\/blog\/the-legend-of-the-navajo-hero-twins\/\">The Legend of the Navajo Hero Twins &#8211; Book<\/a><\/li>\n<li><a href=\"http:\/\/navajopeople.org\/blog\/tobadzischini-born-from-water-navajo-mask\/\">Tobadzischini \u2013 Born From Water \u2013 Navajo Mask<\/a><\/li>\n<li><a href=\"http:\/\/navajopeople.org\/blog\/nayenezgani-slayer-of-alien-gods\/\">Nayenezgani \u2013 Slayer Of Alien Gods<\/a><\/li>\n<li><a href=\"http:\/\/navajopeople.org\/blog\/haschebaad-female-deity-or-goddess\/\">Haschebaad \u2013 Female Deity, Or Goddess<\/a><\/li>\n<li><a href=\"http:\/\/navajopeople.org\/blog\/aschelti-talking-god-mask-yebichai-ceremony\/\">Hasch\u00e9lti \u2013 Talking God Mask \u2013 Yebichai Ceremony<\/a><\/li>\n<\/ul>\n<p dir=\"ltr\"><strong>Leaders<\/strong><\/p>\n<ul>\n<li><a href=\"http:\/\/navajopeople.org\/blog\/manuelito-navajo-leader-and-influential-chief\/\">Manuelito Navajo leader and influential chief<\/a><\/li>\n<li><a href=\"http:\/\/navajopeople.org\/blog\/mariano-navajo-chief\/\">Mariano -Navajo Chief<\/a><\/li>\n<li><a href=\"http:\/\/navajopeople.org\/blog\/tom-ganado-or-naaltsoos-neiyehe-mail-carrier-navajo\/\">Tom Ganado or, \u201cMail Carrier\u201d \u2013 Navajo Man<\/a><\/li>\n<li><a href=\"http:\/\/navajopeople.org\/blog\/barboncito-navajo-political-and-spiritual-leader\/\">Barboncito, Navajo political and spiritual leader<\/a><\/li>\n<li><a href=\"http:\/\/navajopeople.org\/blog\/?p=141\">Navajo leader Ganado Mucho (Many cattle)<\/a><\/li>\n<li><a href=\"http:\/\/navajopeople.org\/blog\/narbona-primero-navajo-chief\/\">Narbona Primero \u2013 Navajo Chief<\/a><\/li>\n<\/ul>\n<p dir=\"ltr\"><strong>Places<\/strong><\/p>\n<ul>\n<li><a href=\"http:\/\/navajopeople.org\/blog\/inscription-house-ruin-nitsie-canyon-arizona\/\">Inscription House Ruin Nitsie Canyon Arizona<\/a><\/li>\n<li><a href=\"http:\/\/navajopeople.org\/blog\/betatakin-cliff-dwelling-ruins-az\/\">Betatakin Cliff Dwelling Ruins \u2013 Az<\/a><\/li>\n<li><a href=\"http:\/\/navajopeople.org\/blog\/keet-seel-kiet-siel-broken-house-in-navajo\/\">Keet Seel (Kiet Siel \u201cbroken House\u201d In Navajo)<\/a><\/li>\n<li><a href=\"http:\/\/navajopeople.org\/blog\/antelope-canyon-page-arizona\/\">Antelope Canyon \u2013 Page Arizona<\/a><\/li>\n<li><a href=\"http:\/\/navajopeople.org\/blog\/canyon-de-chelly-chinle-az\/\">Canyon De Chelly \u2013 Chinle, Az<\/a><\/li>\n<li><a href=\"http:\/\/navajopeople.org\/blog\/four-corners-monument\/\">Four Corners Monument<\/a><\/li>\n<li><a href=\"http:\/\/navajopeople.org\/blog\/monument-valley-tribal-park\/\">Monument Valley Tribal Park<\/a><\/li>\n<\/ul>\n<p dir=\"ltr\"><strong>Sacred Mountains<\/strong><\/p>\n<ul>\n<li><a href=\"http:\/\/navajopeople.org\/blog\/huerfano-mesa-navajo-sacred-mountain\/\">Huerfano Mesa \u2013 Navajo Sacred Mountain<\/a><\/li>\n<li><a href=\"http:\/\/navajopeople.org\/blog\/gobernador-knob-navajo-sacred-mountain\/\">Gobernador Knob \u2013 Navajo Sacred Mountain<\/a><\/li>\n<li><a href=\"http:\/\/navajopeople.org\/blog\/mount-hesperus-navajo-sacred-mountain\/\">Mount Hesperus \u2013 Navajo Sacred Mountain<\/a><\/li>\n<li><a href=\"http:\/\/navajopeople.org\/blog\/san-francisco-peaks-navajo-sacred-mountain\/\">San Francisco Peaks \u2013 Navajo Sacred Mountain<\/a><\/li>\n<li><a href=\"http:\/\/navajopeople.org\/blog\/mount-taylor-tsoozil-navajo-sacred-mountain\/\">Mount Taylor (Tsoozil) Navajo Sacred Mountain<\/a><\/li>\n<li><a href=\"http:\/\/navajopeople.org\/blog\/mount-blanca-sisnaajini-navajo-sacred-mountain\/\">Mount Blanca (Sisnaajini) Navajo Sacred Mountain<\/a><\/li>\n<li><a href=\"http:\/\/navajopeople.org\/blog\/porcupine-dahsani-navajo-protector\/\">Porcupine (Dahs\u00e1ni) Navajo Protector<\/a><\/li>\n<li><a href=\"http:\/\/navajopeople.org\/blog\/cougar-nashdoitsoh-navajo-protector\/\">Cougar \u2013 N\u00e1shd\u00f3\u00edtsoh Navajo Protector<\/a><\/li>\n<li><a href=\"http:\/\/navajopeople.org\/blog\/gra-wolf-navajo-protector\/\">Gray Wolf Navajo Protector<\/a><\/li>\n<\/ul>\n<p dir=\"ltr\"><strong>Culture<\/strong><\/p>\n<ul>\n<li><a href=\"http:\/\/navajopeople.org\/blog\/navajo-home-hogans\/\">Navajo Home \u2013 Hogans or Hohrahn<\/a><\/li>\n<li><a href=\"http:\/\/navajopeople.org\/blog\/navajo-forced-education-mistake\/\">Navajo forced education mistake with photos<\/a><\/li>\n<li><a href=\"http:\/\/navajopeople.org\/blog\/kinaalda-celebrating-maturity-of-girls-among-the-navajo\/\">Kinaalda \u2013 Celebrating maturity of girls among the Navajo<\/a><\/li>\n<\/ul>\n<p dir=\"ltr\"><strong>Religion \u00a0\u00a0<\/strong><\/p>\n<ul>\n<li><a href=\"http:\/\/navajopeople.org\/blog\/navajo-religion-the-sweat-house-song\/\">Navajo Religion \u2013 The Sweat House Song<\/a><\/li>\n<li><a href=\"http:\/\/navajopeople.org\/blog\/navajo-religious-and-social-views\/\">Navajo Religious And Social Views<\/a><\/li>\n<li><a href=\"http:\/\/navajopeople.org\/blog\/navajo-clans-and-marriage-choices\/\">Navajo clans and marriage choices<\/a><\/li>\n<li><a href=\"http:\/\/navajopeople.org\/blog\/navajo-medicine-men-singers\/\">Navajo medicine-men (singers,hat\u00e1li)<\/a><\/li>\n<li><a href=\"http:\/\/navajopeople.org\/blog\/the-night-chant-the-yeibitchai-dance\/\">The Night Chant \u201cThe Yeibitchai Dance\u201d<\/a><\/li>\n<li><a href=\"http:\/\/navajopeople.org\/blog\/navajo-ceremonies-rites-of-the-mountain-chant\/\">Navajo ceremonies rites of the Mountain Chant<\/a><\/li>\n<\/ul>\n<p dir=\"ltr\"><strong>Events<\/strong><\/p>\n<ul>\n<li><a href=\"http:\/\/navajopeople.org\/blog\/navajo-nation-fair-2013\/\">Navajo Nation Fair 2013<\/a><\/li>\n<li><a href=\"http:\/\/northernnavajonationfair.org\/\">Northern Navajo Nation Fair<\/a> (Shiprock Fair)<\/li>\n<li><a href=\"http:\/\/navajopeople.org\/blog\/2011-miss-northern-navajo-nation-fair-pageant\/\">2011 Miss Northern Navajo Nation Fair Pageant<\/a><\/li>\n<li><a href=\"http:\/\/navajopeople.org\/blog\/junior-rodeo-at-shiprock-navajo-fair\/\">Junior Rodeo at Shiprock Navajo Fair<\/a><\/li>\n<li><a href=\"http:\/\/navajopeople.org\/blog\/womens-rodeo-at-shiprock-navajo-fair\/\">Women\u2019s Rodeo at Shiprock Navajo Fair<\/a><\/li>\n<li><a href=\"http:\/\/navajopeople.org\/blog\/bringing-lights-to-navajo-homes\/\">Bringing Lights to Navajo Homes<\/a><\/li>\n<\/ul>\n<p dir=\"ltr\"><strong>Ceremony \u00a0<\/strong><\/p>\n<ul>\n<li><a href=\"http:\/\/navajopeople.org\/blog\/navajo-symbolism-and-sand-painting-rites\/\">Navajo Symbolism and Sand Painting rites<\/a><\/li>\n<li><a href=\"http:\/\/navajopeople.org\/blog\/navajo-sandpainting-mountain-chant-ceremony-first-day\/\">Navajo Sandpainting Mountain Chant Ceremony First Day<\/a><\/li>\n<li><a href=\"http:\/\/navajopeople.org\/blog\/navajo-sandpainting-mountain-chant-ceremony-second-day\/\">Navajo Sandpainting Mountain Chant Ceremony Second Day<\/a><\/li>\n<li><a href=\"http:\/\/navajopeople.org\/blog\/navajo-sandpainting-mountain-chant-ceremony-third-day\/\">Navajo Sandpainting Mountain Chant Ceremony Third Day<\/a><\/li>\n<li><a href=\"http:\/\/navajopeople.org\/blog\/navajo-sandpainting-mountain-chant-ceremony-fourth-day\/\">Navajo Sandpainting Mountain Chant Ceremony Fourth Day<\/a><\/li>\n<\/ul>\n<p dir=\"ltr\"><strong>Books and Posters<\/strong><\/p>\n<p><a href=\"http:\/\/navajopeople.org\/blog\/the-legend-of-the-navajo-hero-twins\/\">The Legend of the Navajo Hero Twins Book Review<\/a><br \/>\n<a href=\"http:\/\/navajopeople.org\/blog\/changing-woman-protects-her-sons\/\">Changing Woman Protects Her Sons<\/a><br \/>\n<a href=\"http:\/\/navajopeople.org\/blog\/the-holy-beings-teach-the-navajo-twins-poster\/\">The Holy Beings Teach the Navajo Twins Poster<\/a><br \/>\n<a href=\"http:\/\/navajopeople.org\/blog\/navajo-winter-storytelling-poster\/\">Navajo Winter Storytelling Poster<\/a><br \/>\n<a href=\"http:\/\/navajopeople.org\/blog\/the-navajo-hero-twins-receive-their-weapons\/\">The Navajo Hero Twins Receive Their Weapons \u2013 Poster<\/a><br \/>\n<a href=\"http:\/\/navajopeople.org\/blog\/tsidil-navajo-stick-game\/\">Tsidil \u2013 Navajo Stick Game<\/a><br \/>\n<a href=\"http:\/\/navajopeople.org\/blog\/the-legend-of-the-horse-book\/\">Book Review of \u00a0\u201dThe Legend of the Horse\u201d<\/a><br \/>\n<a href=\"http:\/\/navajopeople.org\/blog\/legend-of-the-horse-poster\/\">Legend of the Horse Poster<\/a><br \/>\n<a href=\"http:\/\/navajopeople.org\/blog\/ke-dine-navajo-kinship-system\/\">K\u2019\u00e9 \u2013 Din\u00e9 (Navajo) Kinship System<\/a><\/p>\n<p>&nbsp;<\/p>\n","protected":false},"excerpt":{"rendered":"<p>Navajo People Website Links &nbsp; \u00a0Navajo Culture\u00a0\u2013\u00a0Navajo History\u00a0\u2013\u00a0Navajo Art\u00a0\u2013\u00a0Navajo Clothing\u00a0Navajo Pictures\u00a0\u2013\u00a0Navajo Rugs\u00a0\u2013\u00a0Navajo Language\u2013\u00a0Navajo Jewelry\u00a0\u2013\u00a0Navajo Code Talker\u00a0\u2013\u00a0Navajo Pottery\u00a0\u2013\u00a0Navajo Legends\u00a0\u2013\u00a0Hogan\u2019s\u00a0\u2013\u00a0Sand Painting\u00a0\u2013\u00a0Navajo Food\u00a0\u2013\u00a0Navajo News\u00a0\u2013\u00a0Navajo Nation History of the Navajo Ancient Navajo and Native Americans Migrations First Contact with the Navajo \u2013 1540 The Americans and the Navajo The Mexicans and the Navajo The Spanish and the Navajo Navajo [&hellip;]<\/p>\n","protected":false},"author":2,"featured_media":0,"parent":0,"menu_order":0,"comment_status":"open","ping_status":"open","template":"","meta":{"footnotes":""},"class_list":["post-1889","page","type-page","status-publish","hentry","entry"],"_links":{"self":[{"href":"http:\/\/navajopeople.org\/blog\/wp-json\/wp\/v2\/pages\/1889","targetHints":{"allow":["GET"]}}],"collection":[{"href":"http:\/\/navajopeople.org\/blog\/wp-json\/wp\/v2\/pages"}],"about":[{"href":"http:\/\/navajopeople.org\/blog\/wp-json\/wp\/v2\/types\/page"}],"author":[{"embeddable":true,"href":"http:\/\/navajopeople.org\/blog\/wp-json\/wp\/v2\/users\/2"}],"replies":[{"embeddable":true,"href":"http:\/\/navajopeople.org\/blog\/wp-json\/wp\/v2\/comments?post=1889"}],"version-history":[{"count":13,"href":"http:\/\/navajopeople.org\/blog\/wp-json\/wp\/v2\/pages\/1889\/revisions"}],"predecessor-version":[{"id":2479,"href":"http:\/\/navajopeople.org\/blog\/wp-json\/wp\/v2\/pages\/1889\/revisions\/2479"}],"wp:attachment":[{"href":"http:\/\/navajopeople.org\/blog\/wp-json\/wp\/v2\/media?parent=1889"}],"curies":[{"name":"wp","href":"https:\/\/api.w.org\/{rel}","templated":true}]}}